 y(c).
5
Let n(u) be the third derivative of u**5/60 - 11*u**4/24 + u**3/2 - 6*u**2 + 3. Determine n(8).
-21
Let a be (-36)/(-19) - 2 - (-58)/551. Let r(o) = o**3 - o**2 + o + 5. Determine r(a).
5
Let h(r) = -r + 5. Suppose 6*u - 2*u - t - 10 = 0, 0 = 4*t - 8. Suppose -2*l = 5*f + u*l - 5, 0 = 2*f + 4*l + 6. Determine h(f).
0
Let i(z) = 2*z**2 + 11*z - 1. Let q(l) = 3*l**2 + 12*l - 1. Let a(p) = p**3 - 2*p**2 + 3*p - 2. Let f be a(2). Let u(y) = f*i(y) - 3*q(y). Give u(4).
15
Let f(n) = 7*n**3 + 7*n + 7. Let t(r) = -6*r**3 + r**2 - 6*r - 6. Let w(m) = -5*f(m) - 6*t(m). Let i be (1/(-2))/(2/24). Let y be 85/15 - 2/i. Give w(y).
7
Let d(c) = c**2 - 8*c + 7. Let l(g) = 6*g**2 - 40*g + 34. Let o(w) = -11*d(w) + 2*l(w). Let r be 8/(-5)*(-5*3)/(-3). Give o(r).
-9
Let m(u) = 5*u**2 - 3*u**2 - 2*u**2 - 2*u**2 - 2*u. Let v be m(-2). Let a(p) = p**3 + 5*p**2 + 2*p - 1. What is a(v)?
7
Let p(l) = 13*l**2 + l - 10. Let z(y) = -15*y**2 - 3*y + 11. Let m(v) = -7*p(v) - 6*z(v). Calculate m(12).
-8
Let s(n) = n**3 - 2*n**2 + 4*n + 1. Let g(w) = -3*w**3 + 6*w**2 - 8*w - 1. Let f(l) = -2*g(l) - 5*s(l). Give f(4).
13
Let q(k) = -k + 10. Let g(y) = -y - 8. Suppose 5*x + 70 = s + 4*s, -30 = 2*x - 3*s. Let z be g(x). Let a be (20/(-8)*z)/(-2). What is q(a)?
5
Let i be 48/10 + (-8)/(-40). Suppose b + 3 = m + 11, 24 = i*b + 3*m. Let a(s) = -2*s**2 - 7 - 4*s + 3*s**2 + 4*s**2 - 6*s**2 + 2*s**2. Calculate a(b).
5
Let m(a) = -a**2 - 15*a - 10. Suppose 68 = -5*q + s - 4*s, 4*s = 2*q + 22. Give m(q).
16
Let f(k) = k**2 + 9*k + 22. Let c be f(-5). Let z(s) = -4*s**2 + 7*s - 5. Let u(x) = -3*x**2 + 6*x - 5. Let g(a) = c*z(a) - 3*u(a). Give g(4).
5
Suppose -2*l + 21 = -3*g, g = 6*l - 3*l - 14. Let k(d) = d**2 - 3 + 10*d - 3 - 2*d + d**2 + 13. What is k(g)?
17
Let d(x) = -5*x**3 + 21*x**2 - x - 1. Suppose -18 = -16*q + 7*q. Let g(u) = -u**3 + 5*u**2. Let m(h) = q*d(h) - 9*g(h). Calculate m(-3).
4
Let j(q) be the second derivative of 4*q - 1/20*q**5 + 0 + 4/3*q**3 + 7/12*q**4 + 1/2*q**2. Determine j(8).
1
Let u be ((-188)/(-2))/(-18 + 20). Let n(f) = -14 - 15 - 17 + u - 6*f. Calculate n(-1).
7
Suppose 4*i - 9 = 3. Let s(m) = 5 - 2 + 6*m - i*m**2 - 1 - 3*m. Determine s(-2).
-16
Suppose 0 = -8*z + 3*z. Let t(k) = -k + 15. Let l(o) = -o + 14. Let p(j) = -5*l(j) + 4*t(j). What is p(z)?
-10
Let y(a) = 525 - a**2 - a + 0*a**2 - 513. Let z = 2 - 2. What is y(z)?
12
Let w(d) be the second derivative of d**7/840 - d**6/120 - d**5/120 + d**4/24 + 2*d**3/3 - 14*d. Let i(z) be the second derivative of w(z). Calculate i(3).
-2
Let g(z) = z - 5. Let r(l) = 2*l + 18. Let f be r(16). Suppose 14 = 6*o + f. Give g(o).
-11
Let q(j) = -3*j - 13. Let v(m) = -11*m - 40. Let o(k) = 7*q(k) - 2*v(k). Give o(9).
-2
Let c = -117 - -120. Let g(v) = -4*v**2 + v**3 + 0*v**c + v + 0*v**2 - 1 + v**2. Determine g(3).
2
Let f(v) = 6*v - 4. Let x be f(1). Let c(r) = -2*r**2 + 3*r - 5. Determine c(x).
-7
Let f(q) = 23*q**2 + 6*q + 10. Let k(t) = 21*t**2 + 5*t + 8. Let a(b) = -4*f(b) + 5*k(b). Determine a(1).
14
Let d(s) = -3 + 2*s - 8*s + 1 + s**2. Let j(f) = 6*f**2 - 31*f - 10. Let x(q) = -11*d(q) + 2*j(q). Calculate x(-3).
-1
Let z(n) be the first derivative of 2*n**3 + n**2 + 2*n + 12. Determine z(-1).
6
Let w(t) = -t + 5. Let s(a) = -a**3 + 3*a**2 + a + 2. Let i be s(3). Let o(c) = -c + 5. Let g be o(i). Calculate w(g).
5
Suppose -15 + 0 = 5*s. Let m(z) = -z**2 + z - 1. Let c(n) = -n**3 - 3*n**2 - 2. Let b(y) = c(y) - m(y). What is b(s)?
11
Let a(u) = -2*u**2 + 23*u - 9. Let g(f) = -19*f - 8. Let x be g(-1). Let h be a(x). Let j(c) = 7*c - 1. Calculate j(h).
13
Let d be (3 - 0)*(-30)/(-90). Let j(w) = -33*w**3 + w**2 - w + 1. Give j(d).
-32
Let o = 2902 - 2897. Let z(m) = m**3 - 5*m**2 - m - 5. Give z(o).
-10
Let x(d) be the second derivative of -d**3/2 - 5*d**2/2 + 13*d. Let g(y) = 7*y + 10. Let r(u) = -2*g(u) - 5*x(u). Give r(0).
5
Let h(w) be the third derivative of w**5/60 + w**4/12 - 4*w**3/3 + w**2 - 2. What is h(-6)?
16
Let z(b) = -b - 26. Suppose -4*x - 3*v - 12 = 0, -5*x + v - 16 = 5*v. Determine z(x).
-26
Let b(s) = 44*s + 18*s**2 - 5 - 18*s - 12*s**2 - 26*s - s**3. Let y be (20/(-6) - -2)*-6. Let t = 14 - y. What is b(t)?
-5
Let a(i) be the second derivative of i**2 - 1/12*i**4 - 5*i + 1/3*i**3 + 0. What is a(3)?
-1
Let h(v) be the first derivative of -5*v - 2*v**2 - 1/4*v**4 + 2*v**3 + 5. Suppose -2*p - k + 13 = 0, -5*k + 3*k = -6. Determine h(p).
0
Let a(k) be the first derivative of 2*k**3/3 + 133. Give a(2).
8
Let v be (-1)/7 - (-5)/35. Suppose 0 = 5*j + 3*w - 15 - 2, 4*j - 3*w - 19 = v. Suppose -t + 8 = -4*c, -4*c - 2*t + 6*t = -j. Let f(i) = -i - 1. What is f(c)?
2
Let c(w) = w**2 + 3*w + 1. Let u be (10/20)/((-2)/12). Let k be c(u). Let z(t) = 2 - 1 - 3*t**2 - 1 + k - 2*t. Calculate z(1).
-4
Let u(m) = -m**3 - 2*m**2 - 5*m - 4. Suppose 5*o = -24*o - 58. Determine u(o).
6
Let n(q) be the first derivative of -q**4/4 - 5*q**3/3 + 5*q**2/2 - 7*q - 42. Let y = 1 + -6. Let x(h) = h - 1. Let g be x(y). Give n(g).
-1
Suppose 2*d - 18 = -d. Let y(q) = q**2 - q - 2*q**2 - d*q**3 + 4*q**2 - 4*q**2. Let z be y(-1). Let m(c) = c - 2. Give m(z).
4
Suppose 2*q = -3*q + 5. Let h(r) = 15*r - 2. Let t be h(q). Let p be (2/(-2))/(t - 12). Let d(x) = -3*x + 1. Determine d(p).
4
Let r = 709 - 714. Let t(a) = -a**2 + a - 6*a - 2 - 1. What is t(r)?
-3
Let g(x) = x**2 + 2*x - 4. Let u(i) = -7*i + 37. Let k be u(6). Give g(k).
11
Let b(n) = n - 6. Let o be 2/8 - 51/12 - 6. Determine b(o).
-16
Let o(l) = 2729*l - l**3 - 2730*l + 2*l**3 + 3 + 3*l**2. Suppose q - 9 = 4*q. Calculate o(q).
6
Let h(j) = -2. Let m(c) = -9*c + 42. Let x(d) = -21*h(d) - m(d). What is x(-1)?
-9
Let w be (17/(-68))/((-2)/(-24)). Let v(x) = -x**2 - 3*x - 7. Determine v(w).
-7
Let j(u) = 2*u**2 - u. Let t be (-9)/(-5) - (-8 + 396/45). Calculate j(t).
1
Let z = -8 + 6. Let t = 2 - z. Let v(c) = 6*c**2 - c**3 + 3 - 11*c + 4*c + 3. Calculate v(t).
10
Let p(c) = 11*c**2 + 43*c - 33. Let i(y) = 3*y**2 + 14*y - 11. Let l(f) = 7*i(f) - 2*p(f). Determine l(12).
-11
Let h(f) = 41 - 37 + 4*f**2 + f**3 + 3*f - 10*f**2. What is h(5)?
-6
Let y(x) = -x. Let k(p) = -5 + 1 - 2*p + 16*p. Let f(w) = -k(w) - 12*y(w). Suppose -4*l + 11 + 1 = 0. Calculate f(l).
-2
Let l(w) = -w**3 - 7*w**2 - 8*w - 3. Suppose 5*u + 34 = -5*r + u, 0 = -5*u - 5. Give l(r).
9
Let h = 61 + -33. Suppose 6*q - h = 2*q. Let m(f) = -1 + 2*f**3 + 2 - f**2 - q*f**3. Calculate m(-1).
5
Let s(x) = -x**2 + 18*x - 27. Suppose 0*w = 7*w - 112. Determine s(w).
5
Suppose -2*n + 3*n = 6. Let j(t) = 6*t - 6028 + 3*t**2 + 6*t - 4*t - 4*t**2 + 6020. Determine j(n).
4
Let l(w) be the second derivative of -w**5/20 - w**4/6 + 2*w**3/3 + 2*w**2 + 74*w. Let q(a) = a**3 - 3*a**2 - a. Let m be q(3). Determine l(m).
1
Suppose 3*v + 5 = 4*v + p, -2*p + 11 = 3*v. Let k(s) = s + v - 4 - 10*s**2 + 1 + 11*s**2. Suppose 0*h + h + 3 = 0. What is k(h)?
4
Let l(d) = d**3 + 14*d**2 + 13*d - 13. Let m be -124 + 121 + -11 + 1. Give l(m).
-13
Suppose 13*q = 11*q + 6. Let g(s) = -s**2 - 2 + 2 - q*s + 4*s - 1. Suppose 0 = 4*y + 4*z, 4*y - 2*z - 1 = 5. Determine g(y).
-1
Let g(l) be the second derivative of l**3/6 - 2*l**2 + 73*l. Calculate g(4).
0
Let m(t) = 23 - t + 5*t**2 - 6 - 8 - 4 - t**3. Give m(5).
0
Let l be 30/12*(-4 - -2). Let b = l + 7. Let y(w) = -3 + 0*w**b - w**2 + 4*w + 0*w + 0*w**2. Give y(4).
-3
Suppose 4*d + 22 = 2*r, -4*r - 5*d + 66 + 17 = 0. Let c = r + -17. Let p(t) = t - 3. Give p(c).
-3
Let f(a) = a**2 - 11*a + 10. Let r(p) = -p - 8. Let x be r(-19). What is f(x)?
10
Let n(g) = g**2 + 5*g + 4. Let o(h) = -h**3 - h**2 - 3*h**2 - 3 + 7*h + 9*h**2 - 6. Let c be o(6). Give n(c).
-2
Let b(c) = -15*c**2 + 7*c - 4. Let j(z) = -23*z**2 + 11*z - 6. Let s(q) = -8*b(q) + 5*j(q). Suppose 173*d + 152 = -194. Determine s(d).
24
Let t be (-120)/(-80) - (0 + (-2)/4). Let h(i) = 3*i**2 + 7*i - 7. Let m(l) = 4*l**2 + 8*l - 8. Let y(c) = -6*h(c) + 5*m(c). Give y(t).
6
Let y(k) be the third derivative of -k**3 + 0*k - 1/120*k**6 + 0 + 1/15*k**5 - k**2 + 1/8*k**4. Let m = 11 + -7. Give y(m).
6
Let f = -27 + 33. Suppose 2*q - 2*t = -f, 0 = -2*t + 7 + 1. Let w(g) = -19*g + 1. Calculate w(q).
-18
Let v(b) = b**2 - 3*b. Let o(l) = -l**2 - 9*l + 40. Let n be o(-12). Give v(n).
4
Let m(g) = -5 + 42*g**2 - 41*g**2 + 6. Let b =